) = s*x(m) - z(m). Calculate u(4).
5
Let h(x) = -x + 1. Let k(u) = -5*u + 6. Let s(d) = 6*h(d) - k(d). Let j be 0*((-5)/(-2) + -2). What is s(j)?
0
Suppose -4*l = -3*m - 2*m, -3*l = m. Let p(u) = 2*u**3 - 2*u**2 + 8. Let z(y) = y**3 - y**2 + 1. Let b(t) = p(t) - 3*z(t). Determine b(m).
5
Let q(d) = 1 - 5*d**3 + 4*d**3 + 0*d**3 + d. Let v be q(-1). Let o(w) = -12*w**3 + w**2. Give o(v).
-11
Let v be 0*-1*2/4. Suppose v = 2*b - 0 - 8. Let g(n) = -n**3 + 5*n**2 - n - 2. Calculate g(b).
10
Let r(b) be the third derivative of b**6/120 - b**5/12 - 5*b**4/24 - b**3 + b**2. Let k be (-2)/(((-8)/3)/1)*8. What is r(k)?
0
Let m be -1 - -10*4/8. Let g(s) = -3*s**2 + 25*s - 15. Let q(a) = a**2 - 8*a + 5. Let o(z) = 2*g(z) + 7*q(z). What is o(m)?
-3
Let o be (-6)/5*10/(-3). Let w(a) = -a - 1. Let u be w(3). Let x(b) = -4*b**2 - 9*b + 9. Let f(h) = -3*h**2 - 8*h + 8. Let t(m) = u*x(m) + 5*f(m). Give t(o).
4
Let u(z) = 5*z - 48 + 49 - 4*z. Suppose -4*f = 4*h + 28, 3 = 3*h + 6. Give u(f).
-5
Let b(y) be the first derivative of y**2/2 - 9*y + 4. Give b(8).
-1
Suppose 3*w + 9 = 3. Suppose 4*d + 18 = d. Let p = w - d. Let q(l) = l**3 - 3*l**2 - 4*l + 1. Calculate q(p).
1
Suppose -3*g = 2 - 20. Let l(a) = 4*a**2 + 9 + 2*a**2 - 9*a**2 - 3*a**2 + a**3 - 2*a. Give l(g).
-3
Let x(n) = n**2 + 4. Let u(f) = f + 3. Let h = -5 - -6. Suppose -4*t - h = -i, 7*t - 2*t = -5. Let m be u(i). What is x(m)?
4
Let v(b) = 6 + 0*b - 4 + 7*b - 3. Give v(1).
6
Let k = 18 - 16. Let z be 23/7 - k/7. Let o(a) = -a**3 + 4*a**2 - 3*a + 2. What is o(z)?
2
Suppose -8*l + 0*l - 40 = 0. Let g(b) = -b**2 - 4*b + 7. Calculate g(l).
2
Suppose -3*m = -4*q, 0 = 5*q + 3*m - 14 - 13. Let i(v) = 7*v + 5. Let h(t) = 4*t + 3. Let p(f) = q*i(f) - 5*h(f). Calculate p(-1).
-1
Let g(q) = q. Let a(m) = m**3 - 3*m**2 + 3*m - 4. Let r be a(3). Let b be g(r). Let v(o) = -o**3 + 5*o**2 - o. Calculate v(b).
-5
Let u(t) = -t**3 - 10*t**2 + 12*t + 14. Suppose -o - 2*o - 33 = 0. What is u(o)?
3
Suppose 6*f - 2*f = 0. Let d(j) = -4*j**2 - 4*j - 4. Let v(t) = -t**2 - t. Let w(u) = -u**3 + 4*u - 3. Let a be w(2). Let y(q) = a*v(q) + d(q). Give y(f).
-4
Let h(j) = -2 + 2 + 0*j**2 + 1 - 4*j - j**2. What is h(-3)?
4
Let t(f) = -f - 3. Let s = 34 - 40. What is t(s)?
3
Let n(v) = 16*v**2 + 3*v - 5. Let z(y) = -23*y**2 - 4*y + 7. Let i(f) = 7*n(f) + 5*z(f). Determine i(3).
-24
Let y(a) be the first derivative of a**4/6 - a**3/2 - a**2/2 - 2*a - 6. Let o(m) be the first derivative of y(m). Calculate o(-2).
13
Suppose 2*a + 5*y = 2*y - 3, -2*a - 6 = 4*y. Let c(j) = -j + 4. Calculate c(a).
1
Let p(c) = c**2 - 6*c - 7. Let u be (-3)/12 + 29/4. Give p(u).
0
Let x(w) be the first derivative of -w**4/4 - 2*w**3 - w**2/2 - 2*w - 6. Determine x(-6).
4
Let w(r) = -3 + 8*r + 13*r - 17*r. Give w(3).
9
Let s(j) = 3*j - 2*j + 2*j**2 + 6*j**2. Let x(c) be the second derivative of c**3/3 + 3*c**2/2 - c. Let r be x(-2). Give s(r).
7
Let x(a) = -2*a + 9. Let b be 7*(108/28 + -3). Calculate x(b).
-3
Let y(k) be the first derivative of k**3/3 - 5*k**2/2 + 2*k + 28. Suppose 10 = -5*i - p - 4*p, -4*p - 20 = 0. Determine y(i).
-4
Let q(i) = -i**2 + 7*i - 6. Let p be 576/80 + 1/(-5). What is q(p)?
-6
Let q(y) be the second derivative of -y**6/360 - 7*y**5/120 - y**4/2 - y. Let w(c) be the third derivative of q(c). Give w(-5).
3
Let b(p) = p**2 - 9*p - 3. Let q be b(9). Let n(h) be the third derivative of -h**6/120 - h**5/15 - h**4/6 - h**3/3 - h**2. Determine n(q).
1
Let t(j) = -2 - 3*j**2 + 8 - 2 - j**3 + 8*j - 1. What is t(-5)?
13
Suppose -2*s = -y + 13, 4*s - 2*s + 22 = 4*y. Let n(k) = 5*k + 2*k - 8*k + k**2 - 1 - 15*k**y. What is n(-1)?
16
Let m(b) = -b**2 - 1. Let n(g) = -7*g**2 + 2*g - 8. Let h(i) = -6*m(i) + n(i). Suppose 0 = d + w - 0 - 7, 3 = 4*d - w. Calculate h(d).
-2
Let l(y) = -4*y**3 - 5*y**2 + 2*y + 4. Let d(r) = -r**3 - r**2 + 1. Let v be (12/(-20))/(2/(-10)). Let o = 2 - v. Let q(i) = o*l(i) + 3*d(i). What is q(-2)?
3
Let a(z) = -5*z**2 - 3*z - 1. Let r(h) = 6*h**2 + 2*h. Let f(m) = -5*a(m) - 4*r(m). Let k be (-15 - -3 - 2) + -2. Let d = 10 + k. Determine f(d).
-1
Let m(i) = 40*i**2 - 60*i**2 + 16*i**2 + 6 + i**3 - 8*i. Suppose -4*g + 10 = -2*g. Give m(g).
-9
Let z(v) = -v**3 + 2. Let o(g) = 2*g**3 - g**2 - 3. Let q(j) = 2*o(j) + 3*z(j). What is q(3)?
9
Let u(v) = -v**2 + 2*v + 4. Suppose 0 = -5*k + 3*y + 9, 4 = 2*y. Give u(k).
1
Suppose -2*q = -4*q. Suppose q = -y - y. Let g(x) = -5*x**2 + 3*x**2 + x**2 + x - 5 + x**3. Give g(y).
-5
Let f be ((-2)/(-6))/((-2)/(-54)). Let v = f + -11. Let r(n) = 2*n**3 + 2*n**2 - 3*n - 3. Let z be r(v). Let x(a) = -a - 3. Give x(z).
2
Let l(o) be the third derivative of o**6/120 + o**5/15 + 2*o**3/3 - 9*o**2. Determine l(-4).
4
Let a be (-22)/(-4) + (-36)/8 + 3. Let b(d) = -d**2 + 5*d + 5. Determine b(a).
9
Let z(f) = f**2 + 0*f**3 - 2 + 1 - f**3 + 0*f**2. Let h = 13 - 7. Let y = -5 + h. Give z(y).
-1
Let j(h) = -2*h**3 - 3*h - 5. Let s(y) = 3*y**3 + y**2 + 3*y + 6. Let l(v) = -4*j(v) - 3*s(v). Give l(-3).
-7
Let f(c) = -c**2 - 2*c. Let g be (-1)/(-6)*2*0. Suppose -5*d - o - 14 = g, -o = 3*d + 4 + 6. Determine f(d).
0
Suppose -5*j - 4 = -7*j. Let l(f) = -10 - j*f**2 + 7*f**3 + 6 + 5. What is l(-1)?
-8
Let v(k) be the first derivative of k**5/120 - k**4/24 + k**3 + 2. Let c(r) be the third derivative of v(r). Determine c(-5).
-6
Let v(r) be the first derivative of 0*r**2 + r**3 + 2*r - 2 - 1/4*r**4. Let u(h) = -h + 2. Let x be u(0). Calculate v(x).
6
Let i(l) = 5*l**2 - 4*l - 4. Let d(w) = 2*w**2 - 2*w - 2. Let s(r) = 7*d(r) - 3*i(r). What is s(-2)?
-2
Let i(a) = -1. Let x(k) = 7*k**2 - 2*k - 4. Let q(g) = -15*g**2 + 4*g + 9. Let r(z) = -6*q(z) - 13*x(z). Let s(h) = 6*i(h) - r(h). Give s(4).
4
Let n = 3 + -2. Let q(p) = -p**3 - 4*p**2 + 3. Let f be q(-4). Let a(b) = f - 2*b + b**2 - 46*b**3 + 45*b**3 - 2. Determine a(n).
-1
Let u(k) = -k - 4. Let j be u(-4). Suppose -3*f - 2*f = j. Let w(r) = -2*r + 0*r + r + 2. Determine w(f).
2
Let v(r) = r + 3*r**2 - r**3 - 15 + 4*r + 9. Suppose u + 2*u - 10 = -4*s, 14 = 4*s + u. Suppose 0 = -0*i - i + s. What is v(i)?
-2
Let y(w) = -4*w + 8 + 3*w**2 - w**2 - 5*w**2 + 2*w**2. Let z be y(-6). Let n(j) = -j**3 - 4*j**2 + j + 5. Determine n(z).
1
Let z(r) = -r + 4. Suppose u - 7 = i, -2*u + 7*u - 2*i = 26. Suppose -u = m + 3*y, 5*y = -0*y - 10. What is z(m)?
2
Let y(b) be the second derivative of 1/6*b**3 + 0 - 6*b + 9/2*b**2. Calculate y(-7).
2
Let r be (-72)/5 + (-16)/(-40). Let z = 8 + r. Let o(b) = b**2 + 8*b + 8. Determine o(z).
-4
Suppose -2*q - 4*p = -p, 4*p = 4*q. Let m(r) be the second derivative of 0 + 0*r**3 - 1/3*r**4 + q*r**2 + r. What is m(1)?
-4
Let n = 14 + -13. Let v(t) = 3*t - 1 + t**3 - t**2 + 0*t**3 - 2*t. Let m(l) = 4*l**3 - 2*l**2 + 8*l - 5. Let c(b) = n*m(b) - 5*v(b). Give c(4).
-4
Let h(d) = -3*d - 1. Suppose u = -u + 2. Suppose 5*q - u = -6. What is h(q)?
2
Let u(o) = -3 + o**2 - 1 + 2*o - o. Suppose 2*f + f - 3 = 4*c, -f - 4*c - 15 = 0. Determine u(f).
2
Let a(l) = l**3 + 6*l**2 + 6*l + 1. Let s be a(-5). Let o(x) = -x**2 + x + 7. Let f be o(3). Let d(g) = -4 - 3*g - 4 + 4 - f. What is d(s)?
7
Let s = -8 - -5. Suppose 2*y - 5 + 1 = 0. Let x(j) = -1 - 3*j**y + 5 + 2 - 4 - j**3 - 2*j. What is x(s)?
8
Suppose 12*c = 14*c + 4. Let g(l) = -l - 2. Calculate g(c).
0
Let k(y) be the first derivative of y**2/2 + 4*y + 2. What is k(-5)?
-1
Let j(d) = d - 4. Suppose -5*b + 4*r + 52 = 0, -4*r - 26 = -4*b - 6*r. Suppose -14 + b = z. What is j(z)?
-10
Suppose b = 4, 2*r + 0*b - 3*b = -10. Let u(t) = -t**3 + 8*t**2 - t + 8. Let i be u(8). Let f(d) = i + 10*d**2 - 2 + 2. What is f(r)?
10
Suppose 0 = -3*m + 3. Let w(g) = -2*g. Let r be w(m). Let k(s) be the first derivative of s**4/4 + s**3 + 3*s**2/2 + 3*s - 5. Determine k(r).
1
Let w(x) = 3*x**2 + 6*x - 2. Let f(i) = 7*i**2 + 12*i - 5. Let h(t) = -2*f(t) + 5*w(t). Let m = 21 + -26. Determine h(m).
-5
Suppose -5*l = -8*l. Let c(g) = g + 7. Give c(l).
7
Let r(s) = -s**2 + 5*s - 3. Let u = 24 - 19. Suppose -u*j + 5 = -10. Calculate r(j).
3
Let z(q) = 4*q - 5. Let m be (-15)/(-2)*3/(45/12). What is z(m)?
19
Let i(a) = -3*a + 2. Let n(x) = -x + 1. Let f(k) = -i(k) + 4*n(k). Determine f(-4).
6
Let y(g) = g**3 - 6*g**2 + 5. Let k be y(6). Let o(w) = 3*w - 5. Give o(k).
10
Let t(x) be the second derivative o